 10. What is the units digit of s?
2
Suppose 24795 + 109497 = 62*x. What is the hundreds digit of x?
1
Suppose 8*w + 1998 = 14*w. What is the units digit of w?
3
Suppose -20 = -6*h + 4*h. What is the units digit of 2/(0 + h/605)?
1
What is the units digit of (50/12)/5 + 19545/90?
8
Let s(d) = 388*d - 52. What is the units digit of s(2)?
4
Suppose 5782 = 5*l + 5*c - 3208, 1800 = l + 3*c. What is the units digit of l?
7
Let j = -103 + -7. Let d = j + 308. What is the units digit of d?
8
Let z(i) = -i**2 - 11*i - 4. Let n be z(7). What is the units digit of (4004/n)/((-2)/10)?
4
Let i(t) = 4*t**2 - 7*t - 10. What is the units digit of i(-5)?
5
Let u(d) be the first derivative of -d**3/3 - 3*d**2 - 4*d + 2. Let i be u(-5). Let z(k) = 11*k**3 - k + 1. What is the tens digit of z(i)?
1
Let f = 14620 + -9416. What is the tens digit of f?
0
Let a(d) = -d**2 + 3*d + 9. Let o be a(4). Suppose -2 = -2*y + y - t, 4*y - 10 = -o*t. Suppose -2*v + y = -2. What is the units digit of v?
1
Let h = -30 + 110. Let b = 128 - h. What is the units digit of b?
8
Suppose 3*z = 5*l - 4*l + 7, -3*z = 4*l - 32. Suppose -z = y - 7. Suppose -y*h = 3*q + 2*q - 190, -80 = -3*q + 5*h. What is the tens digit of q?
3
Let g = 60 - 54. Let x(h) = 14*h + 8. What is the units digit of x(g)?
2
Suppose -6*x - 4177 + 18415 = 0. What is the units digit of x?
3
Let x be (-5)/(3 + 8/(-2))*-1932. What is the tens digit of (-2)/(-8) - x/80?
2
Suppose -141*v = -149*v + 4704. What is the units digit of v?
8
Let m = -60 + 35. Let d = m + 73. What is the units digit of d?
8
What is the units digit of 56604/30 + 9/(-5)?
5
What is the hundreds digit of (2198/(-21))/(((-6)/288)/1)?
0
Suppose 10*h = 8*h + 896. What is the hundreds digit of h?
4
Let w(u) = 6*u. Suppose 0 = -3*n + 7*n + 92. Let v = 29 + n. What is the tens digit of w(v)?
3
What is the tens digit of ((-667 - 14)*-6)/((-3)/(-2))?
2
Suppose 3*c - 3 - 5 = 5*a, 2*c + 4*a + 2 = 0. Let h = 60 - c. What is the units digit of h?
9
Let d = -12 - -10. Let m = -2 + d. What is the units digit of (1/(-2))/(2/m)?
1
Suppose 4*z + 2*b + 3106 = 6*z, 3*z + 5*b - 4659 = 0. What is the hundreds digit of z?
5
What is the units digit of (-123)/(-39) + 2/(-13) - -294?
7
Let z = -49 - -61. Let n(w) = 3*w + 19. What is the units digit of n(z)?
5
Let w be (-5)/2*(-444)/15. Suppose 26 = 4*q + w. Let b = q - -32. What is the units digit of b?
0
Let t(k) = 6*k**2 + k. Suppose 5*z + l + 11 = 0, 9*z - 4*z = 3*l - 7. Let h be -1 + -1 + 0/z. What is the tens digit of t(h)?
2
Let p = -2939 + 7458. What is the units digit of p?
9
Suppose 88*g - 3213 = 37*g. What is the units digit of g?
3
Let u(z) = z + 10. Let q be u(0). Let l be ((-4)/q)/(3/(-15)). What is the units digit of ((-54)/4)/((-1)/l)?
7
Let o(f) = 98*f**2 - 4*f - 3. Let k(j) = j**2 + 6*j - 8. Let s be k(-7). What is the tens digit of o(s)?
9
Suppose -3*a + 45*a = 212310. What is the hundreds digit of a?
0
Let q = 9 - 4. Let u(g) = 10*g - 10. Let y be u(q). Suppose r + 2*r - 29 = 2*s, -4*r = -2*s - y. What is the units digit of r?
1
Let j(k) = 26*k - 8. Let n be j(-7). Let v = n + 281. What is the tens digit of v?
9
Let h be 8/(96/18)*(-40)/(-6). What is the units digit of h/(-15)*-2*174?
2
Let d(f) = 2*f + 75. Let m be d(0). Suppose 11*g - 8*g = m. What is the units digit of g?
5
Let r be 0 + 1/((-1)/(-22)). Suppose 43*b - r = 42*b. What is the units digit of b?
2
Let u(x) = -x**3 - 8*x**2 - 11*x - 6. Suppose -4*r + r = -9. Suppose r*c + 7 = -14. What is the tens digit of u(c)?
2
Suppose 3*z - m = -3*m + 14, 6 = -z + 2*m. Suppose -5*a + 7 = -3*f - 40, -z*a + 4*f = -16. What is the tens digit of a?
1
Suppose 3*f = -53 - 19. Let h = 61 + f. What is the tens digit of h?
3
Let y(j) = j**3 + 9*j**2 + 11*j + 9. Suppose 0 = -k - k + 28. Suppose k = 3*s - 5*s. What is the units digit of y(s)?
0
Let b(g) = 1 - 7*g - 5 + 1 - 2*g**2 - 3. Let a be b(5). Let r = a - -136. What is the tens digit of r?
4
Let c be ((-16)/6)/((-4)/(-6)) - 46. What is the units digit of (-3 - 23)/(20/c)?
5
Let v = 6631 + -3930. What is the thousands digit of v?
2
Suppose -3*w + 26*b - 22*b + 10751 = 0, -2*w + 7168 = -2*b. What is the tens digit of w?
8
Let z(k) = -8*k. Let t be z(-1). Let u be 46/(-299) + (-108)/(-26) + -2. Suppose -t = 2*o + u*w - 0, -3*o - 4*w = 17. What is the units digit of o?
1
Let s = -364 + 632. What is the units digit of s?
8
Let w = 305 - 252. What is the tens digit of w?
5
Suppose 0*y + y = -6*y. Suppose 2*f + 0*f + 5*h - 411 = 0, 5*f + 4*h - 1070 = y. What is the hundreds digit of f?
2
What is the tens digit of (1*3/(-5))/(32/(-22240))?
1
Let u be ((-5 - -2)*-1)/((-27)/1386). Let m = 297 + u. What is the units digit of m?
3
Let g(t) = t**3 + 13*t**2 - 19*t - 21. Let o = 45 - 59. What is the tens digit of g(o)?
4
Let r(v) = v**3 + 55 - 8*v - 31 + 5*v**2 - 32. Let w be r(-6). Suppose 0*g - 4*z - 109 = -5*g, -2*g - w*z = -66. What is the tens digit of g?
2
Let b be (-24)/42 + 1128/14. What is the tens digit of 8/4 + b + -2?
8
Let p = 283 + -189. What is the units digit of p?
4
Let x(h) = h**2 + 8*h - 21. Let u be x(-10). What is the units digit of 121 + u/3*3?
0
Let q = -16 + 4. Suppose 3*v = 5*v + 40. Let t = q - v. What is the units digit of t?
8
Suppose 5*i + 839 = 3179. What is the units digit of i?
8
Let b = 163 - -20. Suppose 2*s - b = 333. What is the units digit of s/9 + (-8)/(-6)?
0
Let j be 89 - (1 + -1) - 4. Let o = -11 + j. What is the units digit of o?
4
Let d(s) = -5*s - 12 + 8 + 13 + 6*s - 4*s. Suppose 0 = 2*k - k + 17. What is the tens digit of d(k)?
6
Let v(y) be the second derivative of y**4/12 - y**3/6 - 14*y. Let f be v(2). Suppose -3*x + f*x = 4*w - 191, -w + 5*x = -32. What is the units digit of w?
7
Suppose 0 = -5*l - 3*s + 4464, -11*s = 4*l - 9*s - 3570. What is the tens digit of l?
9
Let j = 31 + -16. Let a(r) = -r**3 + 16*r**2 - 12*r - 16. What is the units digit of a(j)?
9
Suppose 4*k + 4*t = 804, -k + 213 = -0*t + 5*t. What is the units digit of (-2 - (-2 - -1))*(12 - k)?
6
Let l be 30*(20/6 + -2). Suppose -2*s = -q - l, -4*q - 8 = -2*q. What is the units digit of ((-6)/s)/(1/(-24))?
8
Let t(r) = r**2 - 2*r - 7. Suppose -5*z + 140 = -z. Suppose l = 6*l - z. What is the tens digit of t(l)?
2
Let r be 15/10 + 3/2. Suppose 2 = 4*m - r*m. Suppose 0*d = m*d - 46. What is the units digit of d?
3
Let b(k) = 42*k**2. Let m be b(2). Suppose 0 = -2*o - 2*o + 2*l + 176, -m = -4*o - 2*l. Suppose -4*p - 15 = -o. What is the units digit of p?
7
Suppose -2*n - 5*t = 3*n - 960, 5*t - 384 = -2*n. What is the hundreds digit of n?
1
Let t be (-2)/(-1 - (2 + -5)). Let k(p) = 17*p - 1. Let w(i) = -34*i + 2. Let m(l) = 5*k(l) + 3*w(l). What is the tens digit of m(t)?
1
Suppose 10*a + 398 = 11*a. Suppose a = 5*s + k, -35 = -2*s - k + 123. What is the units digit of s?
0
Let x(h) = 8*h**2 - 5*h + 9*h - 2*h + 1. What is the units digit of x(3)?
9
Let w(j) = 8*j - 18. Let p be w(3). Suppose -147 = p*y - 921. What is the tens digit of y?
2
Let p(s) = s**2 + s + 3. Let x be p(0). Suppose 2*f - 5*f + 9 = -k, k = -3*f + 3. Suppose -135 = -x*g - f*g. What is the units digit of g?
7
What is the tens digit of 5/(-2)*(-266604)/195?
1
Let t(p) = 27*p + 159. What is the units digit of t(6)?
1
Let t(m) = 14 + 85*m + 11 - 24 + 9*m. What is the tens digit of t(1)?
9
Let c(n) = n**3 - 7*n**2 + 9*n + 4. Let r(y) = -3*y - 29. Let g be r(-12). What is the units digit of c(g)?
7
Suppose -2*s = 2*n + 2*s + 10, n - 7 = 4*s. What is the tens digit of 82 - ((0/(-1))/(-2) - n)?
8
Suppose -157*g = -155*g - 976. What is the hundreds digit of g?
4
Let g(t) = -2*t**3 + 20*t**2 - 14*t + 6. Let p be (-166)/(-18) - (2 + 48/(-27)). What is the tens digit of g(p)?
4
Suppose 2*u - 11 = 3*v, 0*u = -v + 3*u + 8. Let b = -3 - v. Suppose 7*l = b*l - 4*w + 24, -l + 5*w = 11. What is the units digit of l?
4
Let d(l) be the second derivative of -l**3/6 + 5*l**2 + 7*l. Let k be d(5). Suppose 5*m + 89 = 4*g, m - 1 - 103 = -k*g. What is the units digit of g?
1
Suppose -4*x + q = 5*q - 120, 3*x + q = 94. Let c be -9*(x/12 - 4). Suppose -c = i - 37. What is the tens digit of i?
2
Let f(l) = l**2 - 8*l + 6. Let w be f(7). Let p be (-3)/(3/12*w). What is the tens digit of 6/p - (-43)/2?
2
Suppose 2*p - 464 = -3*m + 7*m, -p - 4*m = -208. What is the hundre